{"id":658,"date":"2023-09-25T13:36:57","date_gmt":"2023-09-25T11:36:57","guid":{"rendered":"https:\/\/pedagogie.ac-lille.fr\/ses\/?page_id=658"},"modified":"2024-11-28T20:57:47","modified_gmt":"2024-11-28T19:57:47","slug":"concours-zero-cliche","status":"publish","type":"page","link":"https:\/\/pedagogie.ac-lille.fr\/ses\/concours-zero-cliche\/","title":{"rendered":"Concours z\u00e9ro clich\u00e9 (\u00e9dition 2024\/2025)"},"content":{"rendered":"\n<figure class=\"wp-block-image size-full\"><img loading=\"lazy\" decoding=\"async\" width=\"526\" height=\"359\" src=\"https:\/\/pedagogie.ac-lille.fr\/ses\/wp-content\/uploads\/sites\/35\/2023\/09\/zero-cliche.jpg\" alt=\"\" class=\"wp-image-667\" srcset=\"https:\/\/pedagogie.ac-lille.fr\/ses\/wp-content\/uploads\/sites\/35\/2023\/09\/zero-cliche.jpg 526w, https:\/\/pedagogie.ac-lille.fr\/ses\/wp-content\/uploads\/sites\/35\/2023\/09\/zero-cliche-300x205.jpg 300w\" sizes=\"auto, (max-width: 526px) 100vw, 526px\" \/><\/figure>\n\n\n\n<h3 class=\"wp-block-heading\">D\u00e9coder les st\u00e9r\u00e9otypes sexistes, \u00e7a s\u2019apprend !<\/h3>\n\n\n\n<p>Le concours Z\u00e9ro Clich\u00e9 pour l\u2019\u00e9galit\u00e9 filles-gar\u00e7ons revient pour une nouvelle \u00e9dition. De la maternelle au lyc\u00e9e, le concours permet de concevoir avec vos \u00e9l\u00e8ves des productions m\u00e9diatiques (articles, blogs, \u00e9missions t\u00e9l\u00e9 ou radio, podcasts, reportages photos, dessins de presse, affiches etc.) pour analyser les st\u00e9r\u00e9otypes sexistes dans la vie quotidienne.&nbsp;<\/p>\n\n\n\n<p><\/p>\n\n\n\n<p>Les inscriptions sont ouvertes ! Pour plus d\u2019informations et pour vous inscrire, cliquez ici \ud83d\uddb1\ufe0f <a href=\"https:\/\/www.clemi.fr\/actions-educatives\/concours\/zerocliche\">informations et inscription ici<\/a><a href=\"https:\/\/www.clemi.fr\/actions-educatives\/concours\/zerocliche\"> <\/a>&nbsp;\ud83d\uddb1\ufe0f<\/p>\n","protected":false},"excerpt":{"rendered":"<p>D\u00e9coder les st\u00e9r\u00e9otypes sexistes, \u00e7a s\u2019apprend ! Le concours Z\u00e9ro Clich\u00e9 pour l\u2019\u00e9galit\u00e9 filles-gar\u00e7ons revient pour une nouvelle \u00e9dition. De la maternelle au lyc\u00e9e, le concours permet de concevoir avec vos \u00e9l\u00e8ves des productions m\u00e9diatiques (articles, blogs, \u00e9missions t\u00e9l\u00e9 ou radio, podcasts, reportages photos, dessins de presse, affiches etc.) pour analyser les st\u00e9r\u00e9otypes sexistes dans [&hellip;]<\/p>\n","protected":false},"author":55,"featured_media":0,"parent":0,"menu_order":0,"comment_status":"closed","ping_status":"closed","template":"","meta":{"ngg_post_thumbnail":0,"footnotes":""},"class_list":["post-658","page","type-page","status-publish","czr-hentry"],"publishpress_future_action":{"enabled":false,"date":"2026-04-29 19:59:06","action":"change-status","newStatus":"draft","terms":[],"taxonomy":"","extraData":[]},"publishpress_future_workflow_manual_trigger":{"enabledWorkflows":[]},"_links":{"self":[{"href":"https:\/\/pedagogie.ac-lille.fr\/ses\/wp-json\/wp\/v2\/pages\/658","targetHints":{"allow":["GET"]}}],"collection":[{"href":"https:\/\/pedagogie.ac-lille.fr\/ses\/wp-json\/wp\/v2\/pages"}],"about":[{"href":"https:\/\/pedagogie.ac-lille.fr\/ses\/wp-json\/wp\/v2\/types\/page"}],"author":[{"embeddable":true,"href":"https:\/\/pedagogie.ac-lille.fr\/ses\/wp-json\/wp\/v2\/users\/55"}],"replies":[{"embeddable":true,"href":"https:\/\/pedagogie.ac-lille.fr\/ses\/wp-json\/wp\/v2\/comments?post=658"}],"version-history":[{"count":8,"href":"https:\/\/pedagogie.ac-lille.fr\/ses\/wp-json\/wp\/v2\/pages\/658\/revisions"}],"predecessor-version":[{"id":1537,"href":"https:\/\/pedagogie.ac-lille.fr\/ses\/wp-json\/wp\/v2\/pages\/658\/revisions\/1537"}],"wp:attachment":[{"href":"https:\/\/pedagogie.ac-lille.fr\/ses\/wp-json\/wp\/v2\/media?parent=658"}],"curies":[{"name":"wp","href":"https:\/\/api.w.org\/{rel}","templated":true}]}}