{"id":2,"date":"2021-01-04T09:29:20","date_gmt":"2021-01-04T08:29:20","guid":{"rendered":"http:\/\/pedagogie.ac-lille.fr\/theme\/?page_id=2"},"modified":"2026-01-15T10:47:58","modified_gmt":"2026-01-15T09:47:58","slug":"page-d-exemple","status":"publish","type":"page","link":"https:\/\/pedagogie.ac-lille.fr\/technologie\/","title":{"rendered":"Bienvenue sur le site disciplinaire\u00a0de Technologie"},"content":{"rendered":"\n<p>Ce site a \u00e9t\u00e9 con\u00e7u pour accompagner les enseignants dans l\u2019exploration, la mise en \u0153uvre et le partage d\u2019outils, de ressources et de pratiques p\u00e9dagogiques en technologie coll\u00e8ge.<\/p>\n\n\n\n<p>Vous y trouverez notamment :<\/p>\n\n\n\n<ul class=\"wp-block-list\">\n<li>Les&nbsp;<strong>textes officiels<\/strong>&nbsp;(programmes, socle commun, cadrages, etc.)<\/li>\n\n\n\n<li>Des&nbsp;<strong>ressources p\u00e9dagogiques<\/strong>&nbsp;: progressions, s\u00e9quences, tutoriels, fiches pratiques<\/li>\n\n\n\n<li>Des informations sur les&nbsp;<strong>formations<\/strong>, les&nbsp;<strong>actions acad\u00e9miques<\/strong>&nbsp;(TraAM, concours, projets innovants&#8230;)<\/li>\n\n\n\n<li>Des&nbsp;<strong>outils num\u00e9riques<\/strong>, des logiciels libres, des plateformes \u00e9ducatives<\/li>\n\n\n\n<li>Des lettres d\u2019actualit\u00e9, des retours d\u2019exp\u00e9riences et des pistes pour enrichir vos pratiques<\/li>\n<\/ul>\n\n\n\n<p>Nous esp\u00e9rons que ce site sera une source d\u2019inspiration, de soutien et de collaboration pour tous ceux qui \u0153uvrent \u00e0 l\u2019enseignement de la technologie au sein de l\u2019Acad\u00e9mie de Lille.<\/p>\n\n\n\n<p>Bonne navigation, et n\u2019h\u00e9sitez pas \u00e0 nous contacter pour toute suggestion ou contribution.<\/p>\n\n\n\n<hr class=\"wp-block-separator has-alpha-channel-opacity\" \/>\n\n\n\n<div style=\"text-align:center;margin-top:40px\">\n  <a href=\"https:\/\/nuage10.apps.education.fr\/index.php\/s\/sNas5fRQa6ZSiHj\" target=\"_blank\" style=\"padding:0.8em 1.4em;background:#0073aa;color:#ffffff;text-decoration:none;border:1px solid #005b8a;border-radius:6px;font-family:Arial, sans-serif;font-size:1em;width:90%;max-width:380px;opacity:1\">\n    Acc\u00e9der aux ressources du s\u00e9minaire du 3 d\u00e9cembre 2025\n  <\/a>\n<\/div>\n\n\n\nngg_shortcode_0_placeholder\n\n\n\n<hr class=\"wp-block-separator has-alpha-channel-opacity\" \/>\n\n\n\n<h3 class=\"wp-block-heading has-text-align-center\">Webinaire de pr\u00e9sentation du programme de 4\u00b0 (30 avril 2025)<\/h3>\n\n\n\n<a href=\"https:\/\/podeduc.apps.education.fr\/video\/94792-presentation-programme-4ememp4\/\" target=\"_blank\" style=\"text-align:center;text-decoration:none\">\n\n  <div style=\"position:relative\">\n    <img decoding=\"async\" src=\"http:\/\/pedagogie.ac-lille.fr\/technologie\/wp-content\/uploads\/sites\/37\/2025\/10\/seminaire4.png\" alt=\"Pr\u00e9sentation programme 4e\" style=\"width:100%;max-width:640px;border-radius:12px\">\n    \n    <!-- Bouton lecture centr\u00e9 -->\n    <span style=\"position:absolute;top:50%;left:50%;color:white;font-size:48px;line-height:1;padding:12px 20px;border-radius:50%\">\n      \u25b6\n    <\/span>\n  <\/div>\n<\/a>\n","protected":false},"excerpt":{"rendered":"<p>Ce site a \u00e9t\u00e9 con\u00e7u pour accompagner les enseignants dans l\u2019exploration, la mise en \u0153uvre et le partage d\u2019outils, de ressources et de pratiques p\u00e9dagogiques en technologie coll\u00e8ge. Vous y trouverez notamment : Nous esp\u00e9rons que ce site sera une source d\u2019inspiration, de soutien et de collaboration pour tous ceux qui \u0153uvrent \u00e0 l\u2019enseignement de [&hellip;]<\/p>\n","protected":false},"author":28,"featured_media":0,"parent":0,"menu_order":0,"comment_status":"closed","ping_status":"open","template":"","meta":{"ngg_post_thumbnail":0,"footnotes":""},"class_list":["post-2","page","type-page","status-publish","czr-hentry"],"publishpress_future_action":{"enabled":false,"date":"2026-04-28 09:35:00","action":"change-status","newStatus":"draft","terms":[],"taxonomy":"","extraData":[]},"publishpress_future_workflow_manual_trigger":{"enabledWorkflows":[]},"_links":{"self":[{"href":"https:\/\/pedagogie.ac-lille.fr\/technologie\/wp-json\/wp\/v2\/pages\/2","targetHints":{"allow":["GET"]}}],"collection":[{"href":"https:\/\/pedagogie.ac-lille.fr\/technologie\/wp-json\/wp\/v2\/pages"}],"about":[{"href":"https:\/\/pedagogie.ac-lille.fr\/technologie\/wp-json\/wp\/v2\/types\/page"}],"author":[{"embeddable":true,"href":"https:\/\/pedagogie.ac-lille.fr\/technologie\/wp-json\/wp\/v2\/users\/28"}],"replies":[{"embeddable":true,"href":"https:\/\/pedagogie.ac-lille.fr\/technologie\/wp-json\/wp\/v2\/comments?post=2"}],"version-history":[{"count":36,"href":"https:\/\/pedagogie.ac-lille.fr\/technologie\/wp-json\/wp\/v2\/pages\/2\/revisions"}],"predecessor-version":[{"id":722,"href":"https:\/\/pedagogie.ac-lille.fr\/technologie\/wp-json\/wp\/v2\/pages\/2\/revisions\/722"}],"wp:attachment":[{"href":"https:\/\/pedagogie.ac-lille.fr\/technologie\/wp-json\/wp\/v2\/media?parent=2"}],"curies":[{"name":"wp","href":"https:\/\/api.w.org\/{rel}","templated":true}]}}